mon divisor of 54 and o.
27
Suppose 3*c - 5*c + 6 = 0. Let h = c + 0. Suppose 174 = h*g + 48. Calculate the highest common divisor of 14 and g.
14
Let d = 20 + -3. What is the greatest common divisor of d and 85?
17
Suppose -56 = -3*o + 328. Let v be (24/10 - 2)*10. Let i be (-174)/(-11) - v/(-22). Calculate the highest common divisor of i and o.
16
Let g = 54 + 43. Suppose 5*z - g = -3*c - 2, 5*c = -3*z + 137. Suppose 5*s = 3*a - 35, -2*s - 2 = -3*a + 21. What is the greatest common factor of a and c?
5
Suppose 0 = 2*u - 4*y + 16, -u - 2*y + 5*y = 5. Let k = u - -77. What is the highest common factor of k and 9?
9
Let r(p) = -17*p - 3. Let t(y) = 4*y + 1. Let g(a) = 2*r(a) + 9*t(a). Let z be g(3). What is the greatest common factor of 9 and z?
9
Let v be 4500/84 + 6/14. What is the highest common divisor of 18 and v?
18
Let p = 6 + -12. Let z = -2 - p. Let l(h) = h**3 + 3*h**2 - 2*h. Let d be l(z). Calculate the highest common factor of d and 13.
13
Let x be (-6)/12*4/(-1). Suppose 0 = -x*n - 5 + 49. Suppose -4*u = k - 614, -3*u = 2*k - 49 - 409. What is the highest common divisor of u and n?
22
Suppose 3*s + 0*s - 21 = 0. Suppose -4*y = -8*y + 16. Suppose y*p = -h + 2*h + 201, -2*p - 5*h = -73. Calculate the highest common factor of s and p.
7
Let v be (0 - 1)/(8/(-24)). Suppose 2*k = 4*k - 2*h - 30, 2*k - v*h - 33 = 0. Calculate the greatest common divisor of 108 and k.
12
Let u(f) = 3*f**2 - 5*f + 4. Let c be u(-5). Suppose -60 = -4*h + c. Suppose -5*r = -9 - h. What is the greatest common divisor of 70 and r?
10
Let a(y) = 8*y**3 - 4*y**2 - y + 3. Let s be a(3). Suppose -s = m - 4*m. Calculate the highest common factor of 12 and m.
12
Let q = -20 - -7. Let p = q + 39. Calculate the greatest common divisor of p and 65.
13
Let l = -12 + 50. Calculate the highest common factor of 19 and l.
19
Suppose -4*q + 12*q - 336 = 0. Calculate the greatest common factor of 70 and q.
14
Let d(k) = 10*k + 14. Let a be d(4). Calculate the highest common factor of 36 and a.
18
Let i(r) = -r**3 - 7*r**2 - 10*r - 6. Let g be i(-6). Suppose -2*f - 67 = 13. Let w = f - -76. Calculate the highest common divisor of w and g.
18
Let d be (7/2)/(3/6). Let k be -1 + 16 - (1 - 0). Suppose 5*g - 35 = p, -2*g - p - k = -4*g. Calculate the highest common factor of g and d.
7
Suppose -w = -3*w + 42. Suppose 2*v + 3*a = 10 + 65, -2*a = 4*v - 162. What is the highest common divisor of v and w?
21
Let c be (5/((-105)/(-18)))/(1/21). What is the greatest common divisor of c and 6?
6
Let q = -34 + 49. Calculate the greatest common divisor of q and 75.
15
Let i be (-5)/((-10)/4) - -34. Calculate the greatest common factor of 12 and i.
12
Suppose -4*n = 3*i - 6, 2*i + 2 = 3*i + 3*n. Calculate the greatest common divisor of 6 and i.
2
Let d be 20/6*(-30)/(-20). What is the highest common divisor of d and 45?
5
Let m be ((-30)/25 + 1)*-5. Let g(b) = -b**2 - 4*b + 7. Let o be g(-5). What is the highest common factor of o and m?
1
Let j be (6 - (-1 + 1)) + -1. Let s = -60 + 85. Suppose 7*c - 216 = -3*b + 4*c, 0 = j*c + s. What is the highest common divisor of b and 11?
11
Let t be 23/5 + (-8)/(-20). Let b = -949 + 503. Let j be b/(-8) - (-9)/(-12). What is the greatest common factor of t and j?
5
Let g be 264/(-15)*(6 + -11). What is the greatest common divisor of 11 and g?
11
Suppose -160 = -5*l + 3*y, 10 = -l + 5*y + 64. What is the greatest common factor of 232 and l?
29
Suppose 4*z + 1 = -15. Let w be -3*(3 + z) - -85. What is the greatest common divisor of w and 11?
11
Let y = 8 - -3. Calculate the highest common factor of y and 88.
11
Suppose 4 = -j, 0 = -2*y - 5*j + 2 + 14. What is the greatest common factor of y and 12?
6
Suppose 4*s - 76 = -p, 3*s - 2*p = 11 + 35. Calculate the greatest common divisor of s and 18.
18
Let g(k) = -k**3 - 5*k**2 + 7*k + 8. Let v be 2*-1*-3*-1. Let z be g(v). What is the highest common divisor of z and 22?
2
Suppose -2*i + i = -24. Calculate the highest common factor of i and 96.
24
Let n be (-2 + 0)/(2 + -3). Suppose -31 = -n*s + 169. Calculate the greatest common factor of 10 and s.
10
Let w(c) = -2*c**3 + 5*c**2 + 7*c + 2. Let m be w(-3). Calculate the greatest common factor of m and 16.
16
Suppose 3*l - 17 - 4 = 0. Let n = 186 - 129. Suppose -4*d + 305 = -y, -y - n = -2*d + 94. Calculate the highest common factor of l and d.
7
Let r(k) = k**2 + 5*k + 15. Let c be r(-3). Suppose p = -3*p - 5*l + 29, l = -2*p + 7. Calculate the highest common divisor of c and p.
1
Let n = 0 + -2. Let l be ((-30)/(-9))/(n/(-6)). Let p(m) = 2*m**3 + 4*m**2 + m - 3. Let i be p(3). Calculate the greatest common divisor of i and l.
10
Let i(b) = b**2 - 12*b - 5. Let d be i(-10). Suppose 4*n - 5*f - 55 = 115, d = 5*n - 5*f. What is the greatest common factor of 5 and n?
5
Let d = 4 - 4. Let c(w) = -w**2 - 17*w - 12. Let o be c(-16). Suppose -2*b - 2*s + d*s + 18 = 0, 2*s = -o. Calculate the highest common divisor of 88 and b.
11
Suppose -6*w = -4*w - 42. What is the greatest common factor of 28 and w?
7
Let k(s) = -2*s**2 + 21*s - 4. Let i be k(9). What is the greatest common divisor of i and 23?
23
Let f(q) = 2*q + 15. Let z be f(0). Suppose -5*y + y = -8. Let t be 30/(3/(-2) + y). What is the highest common divisor of z and t?
15
Let z = -2 + 28. Calculate the greatest common factor of z and 26.
26
Let i(m) = m**2 - 6*m - 23. Let k be i(10). What is the highest common factor of k and 68?
17
Suppose 2*q - h - 103 = 254, -181 = -q + h. Suppose -5*r + 59 = -21. Calculate the greatest common factor of r and q.
16
Suppose -2*h + 284 = 14. Calculate the highest common divisor of h and 54.
27
Let p be ((-2)/(-7))/((-2)/(-14)). Suppose -p*x + 4*x - 22 = 0. Calculate the greatest common divisor of x and 44.
11
Let h = 151 + -140. Calculate the greatest common factor of h and 2.
1
Suppose -5*a + 5*y + 21 + 24 = 0, 3*a + y - 11 = 0. Suppose -a*f = -2*f - 33. Suppose -j + 2*j - f = 0. What is the highest common factor of j and 1?
1
Suppose 69 + 11 = 5*b. What is the greatest common factor of b and 4?
4
Let n(m) = 7*m + 7. Let q be n(13). Calculate the highest common factor of q and 14.
14
Let r(l) = -6 + 4 + 0*l + 3 - l. Let t be r(-8). What is the highest common divisor of t and 63?
9
Let d(a) be the second derivative of -11*a**3/6 - a**2/2 + 3*a. Let t be d(-1). What is the highest common factor of t and 90?
10
Let c be (13 - 0) + 2/(-2). Suppose c = -0*i - 3*i. Let d = 2 - i. What is the highest common factor of d and 24?
6
Suppose 49 - 1057 = -4*n. What is the highest common divisor of n and 28?
28
Let c be 1 + -1 - (-8)/4. Let g = -3 + 1. Let b be 1/g + (-9)/(-6). What is the highest common factor of b and c?
1
Suppose 3*x = 2*v - 20, 4*v - 16 = 2*v + 4*x. Calculate the highest common factor of v and 16.
16
Suppose 1 + 4 = -4*h + r, 0 = -5*h - 5*r - 25. Let a be h/(-2*(-1)/(-63)). What is the greatest common factor of a and 9?
9
Let s(n) = -n - 2. Let m be s(-10). Let c = m - 0. Calculate the highest common divisor of 88 and c.
8
Let l = -59 + 91. Calculate the greatest common factor of l and 96.
32
Suppose 0 = -w + 2*w - 25. Suppose -22 + 7 = -3*a. What is the highest common factor of a and w?
5
Let f = 6 + -14. Let m be (-110)/f - (-7)/28. Let d(s) = 2*s**2 - 3*s + 5. Let l be d(-5). Calculate the greatest common factor of l and m.
14
Let w be 2/(2/(-4*1)). Let f be w/(-3)*(-3)/(-2). Suppose r - 11 = 11. Calculate the greatest common divisor of r and f.
2
Let i be 32/((2 + 1)/3). Suppose 12 + 4 = -4*y, 2*u - i = -y. Calculate the highest common divisor of u and 9.
9
Let k be 6 + (12/(-4))/(-3). Calculate the greatest common divisor of k and 140.
7
Suppose f - 4*i = 15, -3*i + 37 = -4*f + 97. Suppose -2*p = -y - f, -3*y + 20 = 5*p - 45. What is the greatest common divisor of 5 and p?
5
Let h = 83 + -39. Calculate the greatest common divisor of 22 and h.
22
Let d = -22 + 10. Let j = d + 23. Calculate the highest common divisor of j and 55.
11
Let d(s) = -s**3 - 4*s**2 + 2*s - 5. Let w be (1/(-2) + -2)*2. Let b be d(w). Calculate the highest common divisor of b and 30.
10
Let w(m) = 8*m - 4*m**2 + 0*m**2 + 5*m**2 + 9 + 0*m**2. Let h be w(-8). What is the highest common factor of h and 3?
3
Suppose j = -f - 2*f + 25, 0 = 5*f - 20. Calculate the greatest common facto